[INFO] cloning repository https://github.com/sebasmagri/rusty-sounds
[INFO] running `Command { std: "git" "-c" "credential.helper=" "-c" "credential.helper=/workspace/cargo-home/bin/git-credential-null" "clone" "--bare" "https://github.com/sebasmagri/rusty-sounds" "/workspace/cache/git-repos/https%3A%2F%2Fgithub.com%2Fsebasmagri%2Frusty-sounds", kill_on_drop: false }`
[INFO] [stderr] Cloning into bare repository '/workspace/cache/git-repos/https%3A%2F%2Fgithub.com%2Fsebasmagri%2Frusty-sounds'...
[INFO] running `Command { std: "git" "rev-parse" "HEAD", kill_on_drop: false }`
[INFO] [stdout] a986bff9cf7913790b05611b6dece8647b580c14
[INFO] checking sebasmagri/rusty-sounds against master#af3c6e733a40e671550e0f0f5aeecaa13772ba56 for pr-74989
[INFO] running `Command { std: "git" "clone" "/workspace/cache/git-repos/https%3A%2F%2Fgithub.com%2Fsebasmagri%2Frusty-sounds" "/workspace/builds/worker-8/source", kill_on_drop: false }`
[INFO] [stderr] Cloning into '/workspace/builds/worker-8/source'...
[INFO] [stderr] done.
[INFO] validating manifest of git repo https://github.com/sebasmagri/rusty-sounds on toolchain af3c6e733a40e671550e0f0f5aeecaa13772ba56
[INFO] running `Command { std: "/workspace/cargo-home/bin/cargo" "+af3c6e733a40e671550e0f0f5aeecaa13772ba56" "read-manifest" "--manifest-path" "Cargo.toml", kill_on_drop: false }`
[INFO] started tweaking git repo https://github.com/sebasmagri/rusty-sounds
[INFO] finished tweaking git repo https://github.com/sebasmagri/rusty-sounds
[INFO] tweaked toml for git repo https://github.com/sebasmagri/rusty-sounds written to /workspace/builds/worker-8/source/Cargo.toml
[INFO] crate git repo https://github.com/sebasmagri/rusty-sounds already has a lockfile, it will not be regenerated
[INFO] running `Command { std: "/workspace/cargo-home/bin/cargo" "+af3c6e733a40e671550e0f0f5aeecaa13772ba56" "fetch" "--locked" "--manifest-path" "Cargo.toml", kill_on_drop: false }`
[INFO] [stderr]     Blocking waiting for file lock on package cache
[INFO] [stderr]     Blocking waiting for file lock on package cache
[INFO] running `Command { std: "docker" "create" "-v" "/var/lib/crater-agent-workspace/builds/worker-8/target:/opt/rustwide/target:rw,Z" "-v" "/var/lib/crater-agent-workspace/builds/worker-8/source:/opt/rustwide/workdir:ro,Z" "-v" "/var/lib/crater-agent-workspace/cargo-home:/opt/rustwide/cargo-home:ro,Z" "-v" "/var/lib/crater-agent-workspace/rustup-home:/opt/rustwide/rustup-home:ro,Z" "-e" "SOURCE_DIR=/opt/rustwide/workdir" "-e" "CARGO_TARGET_DIR=/opt/rustwide/target" "-e" "CARGO_HOME=/opt/rustwide/cargo-home" "-e" "RUSTUP_HOME=/opt/rustwide/rustup-home" "-w" "/opt/rustwide/workdir" "-m" "1610612736" "--user" "0:0" "--network" "none" "rustops/crates-build-env@sha256:d92eaeed33fa75130ca1ee6c8a01d1ffb62bac859dfdfb3450e3e5d1c0146529" "/opt/rustwide/cargo-home/bin/cargo" "+af3c6e733a40e671550e0f0f5aeecaa13772ba56" "metadata" "--no-deps" "--format-version=1", kill_on_drop: false }`
[INFO] [stdout] c4600ee94843c95d7eec887fd7b7e4e1c04e9f240c553ee6133a3ba981d54439
[INFO] [stderr] WARNING: Your kernel does not support swap limit capabilities or the cgroup is not mounted. Memory limited without swap.
[INFO] running `Command { std: "docker" "start" "-a" "c4600ee94843c95d7eec887fd7b7e4e1c04e9f240c553ee6133a3ba981d54439", kill_on_drop: false }`
[INFO] running `Command { std: "docker" "inspect" "c4600ee94843c95d7eec887fd7b7e4e1c04e9f240c553ee6133a3ba981d54439", kill_on_drop: false }`
[INFO] running `Command { std: "docker" "rm" "-f" "c4600ee94843c95d7eec887fd7b7e4e1c04e9f240c553ee6133a3ba981d54439", kill_on_drop: false }`
[INFO] [stdout] c4600ee94843c95d7eec887fd7b7e4e1c04e9f240c553ee6133a3ba981d54439
[INFO] running `Command { std: "docker" "create" "-v" "/var/lib/crater-agent-workspace/builds/worker-8/target:/opt/rustwide/target:rw,Z" "-v" "/var/lib/crater-agent-workspace/builds/worker-8/source:/opt/rustwide/workdir:ro,Z" "-v" "/var/lib/crater-agent-workspace/cargo-home:/opt/rustwide/cargo-home:ro,Z" "-v" "/var/lib/crater-agent-workspace/rustup-home:/opt/rustwide/rustup-home:ro,Z" "-e" "SOURCE_DIR=/opt/rustwide/workdir" "-e" "CARGO_TARGET_DIR=/opt/rustwide/target" "-e" "CARGO_INCREMENTAL=0" "-e" "RUST_BACKTRACE=full" "-e" "RUSTFLAGS=--cap-lints=forbid" "-e" "CARGO_HOME=/opt/rustwide/cargo-home" "-e" "RUSTUP_HOME=/opt/rustwide/rustup-home" "-w" "/opt/rustwide/workdir" "-m" "1610612736" "--user" "0:0" "--network" "none" "rustops/crates-build-env@sha256:d92eaeed33fa75130ca1ee6c8a01d1ffb62bac859dfdfb3450e3e5d1c0146529" "/opt/rustwide/cargo-home/bin/cargo" "+af3c6e733a40e671550e0f0f5aeecaa13772ba56" "check" "--frozen" "--all" "--all-targets" "--message-format=json", kill_on_drop: false }`
[INFO] [stdout] 2ca9c60f7cff7253e8f27ed244524172c448c823338a32cf5928f8116ad1c4f9
[INFO] [stderr] WARNING: Your kernel does not support swap limit capabilities or the cgroup is not mounted. Memory limited without swap.
[INFO] running `Command { std: "docker" "start" "-a" "2ca9c60f7cff7253e8f27ed244524172c448c823338a32cf5928f8116ad1c4f9", kill_on_drop: false }`
[INFO] [stderr]    Compiling pkg-config v0.3.9
[INFO] [stderr]    Compiling gio v0.1.2
[INFO] [stderr]     Checking futures v0.1.11
[INFO] [stderr]     Checking slab v0.3.0
[INFO] [stderr]    Compiling gdk-pixbuf v0.1.2
[INFO] [stderr]    Compiling cairo-rs v0.1.2
[INFO] [stderr]     Checking byteorder v1.0.0
[INFO] [stderr]    Compiling gdk v0.5.2
[INFO] [stderr]     Checking c_vec v1.2.0
[INFO] [stderr]    Compiling gtk v0.1.2
[INFO] [stderr]    Compiling error-chain v0.7.2
[INFO] [stderr]    Compiling lazy_static v0.2.5
[INFO] [stderr]     Checking iovec v0.1.0
[INFO] [stderr]     Checking net2 v0.2.27
[INFO] [stderr]    Compiling syn v0.11.9
[INFO] [stderr]     Checking bytes v0.4.1
[INFO] [stderr]    Compiling metadeps v1.1.1
[INFO] [stderr]     Checking mio v0.6.6
[INFO] [stderr]    Compiling glib-sys v0.3.3
[INFO] [stderr]    Compiling gobject-sys v0.3.3
[INFO] [stderr]    Compiling gio-sys v0.3.3
[INFO] [stderr]    Compiling gdk-pixbuf-sys v0.3.3
[INFO] [stderr]    Compiling cairo-sys-rs v0.3.3
[INFO] [stderr]    Compiling pango-sys v0.3.3
[INFO] [stderr]    Compiling gdk-sys v0.3.3
[INFO] [stderr]    Compiling atk-sys v0.3.3
[INFO] [stderr]    Compiling gtk-sys v0.3.3
[INFO] [stderr]    Compiling dbus v0.5.2 (https://github.com/brson/dbus-rs.git?branch=tokio#76c15560)
[INFO] [stderr]     Checking tokio-io v0.1.1
[INFO] [stderr]     Checking tokio-timer v0.1.0
[INFO] [stderr]     Checking tokio-core v0.1.6
[INFO] [stderr]     Checking glib v0.1.2
[INFO] [stdout] error[E0119]: conflicting implementations of trait `value::SetValueOptional` for type `&_`:
[INFO] [stdout]    --> /opt/rustwide/cargo-home/registry/src/github.com-1ecc6299db9ec823/glib-0.1.2/src/value.rs:489:1
[INFO] [stdout]     |
[INFO] [stdout] 458 | impl<'a, T: ?Sized + SetValueOptional> SetValueOptional for &'a T {
[INFO] [stdout]     | ----------------------------------------------------------------- first implementation here
[INFO] [stdout] ...
[INFO] [stdout] 489 | impl<T: IsA<Object>> SetValueOptional for T {
[INFO] [stdout]     | ^^^^^^^^^^^^^^^^^^^^^^^^^^^^^^^^^^^^^^^^^^^ conflicting implementation for `&_`
[INFO] [stdout]     |
[INFO] [stdout]     = note: downstream crates may implement trait `object::IsA<object::Object>` for type `&_`
[INFO] [stdout] 
[INFO] [stdout] 
[INFO] [stdout] error[E0119]: conflicting implementations of trait `value::SetValue` for type `&_`:
[INFO] [stdout]    --> /opt/rustwide/cargo-home/registry/src/github.com-1ecc6299db9ec823/glib-0.1.2/src/value.rs:483:1
[INFO] [stdout]     |
[INFO] [stdout] 452 | impl<'a, T: ?Sized + SetValue> SetValue for &'a T {
[INFO] [stdout]     | ------------------------------------------------- first implementation here
[INFO] [stdout] ...
[INFO] [stdout] 483 | impl<T: IsA<Object>> SetValue for T {
[INFO] [stdout]     | ^^^^^^^^^^^^^^^^^^^^^^^^^^^^^^^^^^^ conflicting implementation for `&_`
[INFO] [stdout]     |
[INFO] [stdout]     = note: downstream crates may implement trait `object::IsA<object::Object>` for type `&_`
[INFO] [stdout] 
[INFO] [stdout] 
[INFO] [stdout] error: aborting due to 2 previous errors
[INFO] [stdout] 
[INFO] [stdout] 
[INFO] [stdout] For more information about this error, try `rustc --explain E0119`.
[INFO] [stdout] 
[INFO] [stderr] error: could not compile `glib`.
[INFO] [stderr] 
[INFO] [stderr] To learn more, run the command again with --verbose.
[INFO] [stderr] warning: build failed, waiting for other jobs to finish...
[INFO] [stdout] error[E0282]: type annotations needed
[INFO] [stdout]    --> /opt/rustwide/cargo-home/git/checkouts/dbus-rs-5e609c15cfdeed28/76c1556/src/tokio.rs:230:26
[INFO] [stdout]     |
[INFO] [stdout] 230 |                 flags |= WatchEvent::Readable as _;
[INFO] [stdout]     |                          ^^^^^^^^^^^^^^^^^^^^^^^^^ cannot infer type
[INFO] [stdout]     |
[INFO] [stdout]     = note: type must be known at this point
[INFO] [stdout] 
[INFO] [stdout] 
[INFO] [stdout] error: aborting due to previous error
[INFO] [stdout] 
[INFO] [stdout] 
[INFO] [stdout] For more information about this error, try `rustc --explain E0282`.
[INFO] [stdout] 
[INFO] [stderr] error: build failed
[INFO] running `Command { std: "docker" "inspect" "2ca9c60f7cff7253e8f27ed244524172c448c823338a32cf5928f8116ad1c4f9", kill_on_drop: false }`
[INFO] running `Command { std: "docker" "rm" "-f" "2ca9c60f7cff7253e8f27ed244524172c448c823338a32cf5928f8116ad1c4f9", kill_on_drop: false }`
[INFO] [stdout] 2ca9c60f7cff7253e8f27ed244524172c448c823338a32cf5928f8116ad1c4f9
